 101 = -5*d, -x + 17 = -4*d. Let h(f) = f**3 - 30*f**2 + 29*f + 2. Let v be h(x). What is the tens digit of (106 - (-6)/v)*1 - -1?
1
Let y = 297 + 197. What is the units digit of y + 16/8*4/(-8)?
3
Let g(s) = -s**2 + 255*s + 169. What is the ten thousands digit of g(58)?
1
Let t be ((-4)/3)/((-14)/525*5). Let j be 412/t + 70/25 + -3. Suppose -4*a = 4*q - 52, -3*a - 4*q + 2*q + j = 0. What is the tens digit of a?
1
Let q(u) = -u + 16. Let n be q(20). Let y be (-1)/(2/n) + (-304)/(-8). Suppose -2*w + 4*b + 30 = -0*w, 0 = -5*w + 3*b + y. What is the units digit of w?
5
Let y be (2/4 + -1)*-76. Let t = 1093 - 1112. Let f = y + t. What is the tens digit of f?
1
Suppose -14*p = -9*p - 20. Suppose 4*i + 8*q - 6*q = 2978, 0 = -p*i + 5*q + 2943. What is the hundreds digit of i?
7
Let f(r) = -2*r**3 - r**2 - 6*r - 5. Let g be f(-1). Suppose 0 = g*i - 25*i + 4278. What is the tens digit of i?
8
Let s = 3524 - 3527. Let a be ((-2)/(-4))/(1/(-676)). What is the units digit of a/(-8) + 1*s/(-4)?
3
Let s = -339 - 123. Let c = -74 - s. What is the tens digit of c?
8
Suppose 4*u - 9*u + 45 = 0. Let k(c) = -c**2 + 12*c - 25. Let y be k(u). Suppose -5*l - 28 = -3*s + 162, 5*s = -y*l + 296. What is the tens digit of s?
6
Let g(a) = a**3 - 7*a**2 - 7*a + 34. Let q be g(7). What is the units digit of -3 - 308*q/6?
7
Let u be (-3 - 2265/(-12)) + 3/12. Suppose 5*i + 5 = 0, -i + u = 4*p - 3*i. What is the tens digit of p?
4
Let y(m) = 41*m + 187. Suppose -62*r = -52*r - 60. What is the units digit of y(r)?
3
Suppose 330 = -3*f - 6*r + 3*r, 3*r = -6. What is the tens digit of (-15692)/(-18) - 3/(f/8)?
7
Let t(w) = -4*w**2 + w + 3740. Let v be t(0). Let c = v - 2435. What is the tens digit of c?
0
Let b(d) = 144*d**2. Let n(t) = 11*t**2. Let c(v) = -2*b(v) + 27*n(v). Let q be c(-1). Let u(w) = 20*w + 51. What is the tens digit of u(q)?
3
Let k = 75 + -48. Let z = k - 29. What is the units digit of 27 - (-1 + 3)*z?
1
Let p be (1 + -92)/((-1)/3) - 5. Let c = p + 143. What is the tens digit of c?
1
Suppose -15*r + 156267 - 49088 = -375656. What is the ten thousands digit of r?
3
Suppose 41*j - 45*j + 2*b = -99446, -124330 = -5*j - 2*b. What is the ten thousands digit of j?
2
Suppose -252906 = 1071*r - 1104*r + 802995. What is the ten thousands digit of r?
3
Let y(f) = 13*f**2 - 27*f - 23. Let u be y(-8). What is the units digit of u + -23 + 5 + 9?
6
Let y = 73 - 60. Suppose -18 = 4*q + 2*m, -y = -3*q + 5*q + 5*m. What is the units digit of (0/2 - -1 - 2)*q?
4
Let m(s) = -5*s**3 - 6*s**2 + 4*s - 10. Let d(w) = -14*w**3 - 17*w**2 + 11*w - 29. Let g(z) = -3*d(z) + 8*m(z). What is the tens digit of g(3)?
8
Suppose 0 = 4*k - 4*w - 51 - 329, k + 5*w = 89. Let b = -40 + k. What is the tens digit of b?
5
Suppose -4*t + 2*y + 239830 = 0, 87*t + 5*y + 179876 = 90*t. What is the ten thousands digit of t?
5
Suppose -3*b - 9 - 4 = -5*k, 3*b - 2 = 2*k. Let l be (-12)/((-15)/k) + 0. What is the tens digit of -4*-5*10/l?
5
Suppose -225 = q - 384. Let x = q - 77. What is the units digit of x?
2
What is the thousands digit of -271*3/(3 + 56/(-18))?
7
Let a(n) = 305*n**3 - n**2 + 2*n - 1. Let i be a(1). Suppose -k + 59 + i = 0. What is the tens digit of (k/21)/((-2)/(-9))?
7
Suppose -12974 = -5*n - 4*x, -x - 10396 = -527*n + 523*n. What is the thousands digit of n?
2
Suppose -5*q - 282 = -2*a - 3*q, -4*a = -3*q - 560. Let v = a + -55. Suppose -3*i + 0*i - 12 = 0, m - v = 3*i. What is the tens digit of m?
7
Let b = -199 + 206. Suppose -74 = -b*g + 213. What is the tens digit of g?
4
Let j(k) = -k**3 - 2*k**2 + 4*k + 13. Suppose -2*b + 4 = -4*u + 5*u, 0 = 4*u + 3*b - 6. Let n be (-10 - -13)*(u - 2). What is the hundreds digit of j(n)?
1
Let l = -33 + 38. Suppose 3999 = l*c + 299. What is the tens digit of c?
4
Suppose 66*x + 85*x - 1260023 = 51412. What is the thousands digit of x?
8
Let f be (-40)/6*(-24)/20. Let v be 0/(3*f/(-12)). Suppose 4*x - 175 - 33 = v. What is the tens digit of x?
5
Let j(m) = 143*m - 19. Let r be j(2). Let g = r + -134. What is the hundreds digit of g?
1
Suppose -3*h = 4*p + 2*h - 57, 3*h - 55 = -5*p. Let o(s) = 5 - 6*s**2 + s**3 - 7*s - s**2 - 2. What is the units digit of o(p)?
1
Let y be (-9)/((-45)/35) + -3. Suppose y*r - 4226 = -886. What is the units digit of r?
5
Suppose -26*a + 94933 = -505849. What is the ten thousands digit of a?
2
Suppose -3*g - 5*i = -22, 3*g + i + 9 - 23 = 0. Suppose v + 0*v = -4, -v - 1076 = -g*f. What is the tens digit of f?
6
What is the thousands digit of (-361891)/(-58) - (-1)/(-2) - 0/1?
6
Let y be 0/(((-144)/(-126))/(4/14)). Suppose -4*s + 5*h + 25 = -y*h, -4*h + 12 = 0. What is the units digit of s?
0
Let x(z) = z**3 - 1. Let u be x(1). Suppose u*q - 7*q = 7. What is the units digit of (-2154)/(-24) - q/4?
0
Suppose -28 = 273*h - 266*h. What is the units digit of (2/h)/((-12)/19440)?
0
Suppose -2*z - 73*j + 71*j = 0, -10 = -5*j. What is the units digit of ((-15)/z)/3*148/5?
4
Let k be -2 + 1 + -2 + (-648)/(-9). Let n = 456 + k. What is the units digit of n?
5
Suppose 4*v - 41 + 21 = 0. Suppose -v*z + 1643 = 4*b, 3*z + 0 + 3 = 0. What is the hundreds digit of b?
4
Suppose 0 = -60*i + 89*i - 332195. What is the hundreds digit of i?
4
Let u = 52516 + -27320. What is the thousands digit of u?
5
Let z(s) = -31*s - 20. Let h be 144/(-8) + 7 + -7. What is the hundreds digit of z(h)?
5
Suppose -1409 + 114 = 5*p. Let s = 207 - p. What is the units digit of s?
6
Suppose -23*k - 2*o = -25*k + 16218, -24323 = -3*k + 5*o. What is the units digit of k?
1
Let c(r) = -15*r + 5. Let h = -67 - -71. Suppose -5*z = -5*a + h - 39, 0 = -4*a + 5*z - 27. What is the tens digit of c(a)?
2
Suppose 319*f = 350*f - 373736. What is the hundreds digit of f?
0
Let i = 12003 - -3931. What is the tens digit of i?
3
Let l = -89 + 162. Let s = l - -894. What is the tens digit of s?
6
Let w(h) = 74 - 16*h**3 - 32 + 13*h + 15*h**3 - 14*h**2. What is the tens digit of w(-15)?
7
Suppose 0*y - 4*n + 9 = 5*y, 0 = y + 2*n - 3. What is the tens digit of -106 + 106 - (y - -1)*-27?
5
Let w(m) = -2*m**3 - 2*m**2 + 5*m - 7. Let p be w(-5). Let b(h) = h**3 + 15*h**2 + 21*h + 5. Let r be b(-10). Let t = r - p. What is the tens digit of t?
2
Suppose 25129 + 126015 = 14*v. What is the ten thousands digit of v?
1
Suppose 9341 = 13*p - 4036. What is the tens digit of p?
2
Let h(r) = 41 + 39*r - r**2 + 2*r**2 - 2*r**2 + 0*r**2. What is the units digit of h(25)?
1
Let i(w) = 72*w**2 - 497*w - 17. What is the hundreds digit of i(17)?
3
Suppose 7*n - 5*l - 2 = 9*n, 0 = -5*n + l - 32. Let g(p) = -19*p + 138. What is the units digit of g(n)?
2
Suppose 11*y + 3394 = 18024. What is the tens digit of y?
3
Suppose a - 6285 = -3*p + 4988, 0 = 3*a - 2*p - 33775. What is the units digit of a?
1
Let p(c) = 140*c**2 + 26*c - 10. What is the units digit of p(5)?
0
Let w = 1242 + -1227. Suppose 0 = -4*f - 5*j + 76, 4*j = 4*f - 73 - 3. Suppose w*r = f*r - 172. What is the tens digit of r?
4
What is the thousands digit of (-1*40954/8)/((-85)/340)?
0
Let g(o) = o**3 + 3*o**2 - 4*o. Let n be g(-4). Suppose n = -5*y + 20, -y + 3 = 5*i - 11. What is the tens digit of (-266)/(-21) - ((-10)/(-6) - i)?
1
Let p be ((22 - 1) + 0)*(-2 + -4). Let c = p - -228. Suppose -22 = 5*n - c. What is the units digit of n?
6
Let j(x) be the second derivative of -x**4/12 + 7*x**3/3 - 15*x**2/2 - 8*x. Let y be j(11). What is the units digit of (-12969)/(-81) + (-2)/y?
0
Let a = -7 + 12. Suppose -3*m + 1711 = a*p, -3*p + 7*p - 5*m - 1391 = 0. What is the units digit of p?
4
Let p(r) = 67*r**2 - 2428*r - 62. What is the ten thousands digit of p(44)?
2
Suppose 4*b + 96 - 392 = 0. Suppose 0 = -6*i + b + 2272. What is the hundreds digit of i?
3
Let g(o) be the first derivative of 2*o**3 - 19*o**2/2 + 29*o - 20. Let q be g(12). Suppose 3*p = -242 + q. What is the units digit of p?
1
Let q be (12/(-10))/(69/15410). What is the tens digit of q/(-3) - ((-12)/(-18))/(-1)?
9
Let f = -738 - -479. Let u = f - -753. What is the units digit of u?
4
What is the ten thousands digit of 1 + 9 + 27/(702/567476)?
2
Let l(f) = 300*f**2 - 25*f - 90. What is the units digit of l(-5)?
5
Let s(o) = 4*o + 12. Suppose -4*v = 3 - 19. Suppose -v*l + 81 = 13. What is the tens digit of s(l)?
8
Suppose 0 = -5*q + 5*k + 78 - 273, -5*k = -3*q - 115. Let